n*w - 2*v + 6 = 0. Is 2/w*-2 + 7 a prime number?
False
Suppose -3*o + 1261 - 3808 = -3*p, 1690 = 2*p - 4*o. Is p a composite number?
False
Suppose a - 5*c = 311, -648 = -3*a + 2*c + 285. Let x = a + -120. Is x composite?
False
Let d be 2/(-6) + (-64)/6. Let j = -6 - d. Suppose -2*i + 2*c - 129 = -3*i, -j*c + 132 = i. Is i composite?
False
Suppose 5*p - 77 = -27. Let s = p + 385. Is s composite?
True
Let l(u) = -9 + 2*u - 4*u + 0. Let k be l(-6). Suppose 0 = 2*a + 5*p - 129, k*p - 2*p + 5 = 0. Is a prime?
False
Let l be 0/1 - (-2 + 0). Suppose 0 = -x - l + 5. Suppose m - x*m = -62. Is m a composite number?
False
Let b = -27 - -122. Is b composite?
True
Suppose 0 = 5*u - 26848 + 7823. Is u a prime number?
False
Let t(k) = -k - 6. Let m be t(-5). Let a be 10*1 + 1 - m. Suppose -b + a = 3*b. Is b composite?
False
Suppose 0 = 5*u - 0*u - 5*v - 15, 4*v + 12 = 0. Suppose -z + u*z + 4 = 0. Suppose z*r - 177 - 59 = 0. Is r a composite number?
False
Suppose 3*j - 5*j + 1536 = 5*n, 2*n = 5*j - 3811. Is j a prime number?
False
Let a = 2 + 2. Suppose 12 = a*i - 2*k, 3*i + 2*k - 3 = 2*i. Suppose -28 - 29 = -i*v. Is v composite?
False
Let o be 2/4 - 11/(-2). Suppose -2*u = z - 22, -3*u + u - 2 = -z. Let i = z - o. Is i composite?
True
Suppose -c + 12 = -3. Let j = -6 + c. Is j prime?
False
Let g(u) = 3*u - 4. Let y be g(3). Suppose 0*j - 5*j - 2*t - 6 = 0, y*j + t + 3 = 0. Suppose 0 = 3*p - j*p - 30. Is p a prime number?
False
Let m be (-24)/6 - 593*2. Let n = -555 - m. Is n prime?
False
Suppose z = -4*z - 60. Let u = -8 - z. Suppose -38 = u*m - 666. Is m a composite number?
False
Is ((-28)/4)/((12/(-502))/6) a composite number?
True
Suppose 0 = -6*s + 3*s + 3327. Is s composite?
False
Suppose -4*l = 4*x - 504, -4*l + 3*x = -0*x - 539. Suppose -5*j + l = -3*j - y, 5*y + 119 = 2*j. Is j composite?
False
Let z = 2 - -1. Suppose -5*y = -2*h + 126, -3*h - z*y = -0*h - 147. Is h a prime number?
True
Let h be 351/21 - (-4)/14. Let i = 26 - h. Suppose -o = -a + 52, a + i*o - 4*o - 82 = 0. Is a a composite number?
True
Suppose 11*z = -9858 + 30857. Is z a prime number?
False
Let m(y) = -y**3 - 21*y**2 + 7*y - 13. Is m(-22) composite?
False
Suppose 768 = 5*t - 767. Let f = t + 316. Is f prime?
False
Suppose -4*z = -2*z + 5*l + 6, 0 = -5*z - 4*l + 2. Is 6/z - 20/(-1) composite?
False
Suppose -3*y = -4*y + 5*d + 355, -1775 = -5*y - 5*d. Is y composite?
True
Suppose -c - 2*b = -6*b + 1, 4*c - 9 = 3*b. Suppose -c*j = 2*j - 70. Is j composite?
True
Is (1/(-3))/((-2)/3126) prime?
True
Let c(d) be the first derivative of -d**4/4 + 3*d**3 - 7*d**2/2 - 6*d - 3. Let s be c(8). Is ((-1)/s)/(3/(-1554)) a prime number?
False
Let v = 1951 + -1278. Is v a prime number?
True
Let i(y) = -55*y + 6. Is i(-9) a prime number?
False
Let s(t) = 317*t**3 - t**2 + 1. Is s(1) prime?
True
Suppose -8*q + 13*q - 7325 = 0. Is q composite?
True
Let z(m) = 9*m + 4. Suppose -5*l - 12 = 18. Let v(h) = -h - 1. Let j be v(l). Is z(j) a composite number?
True
Let g(t) = 52*t**2 + 1. Suppose 0 = -3*f - 0 - 3. Is g(f) composite?
False
Is ((-10)/6)/(1/(-447)) prime?
False
Let x = 2 + 1. Suppose -27 = 3*u + 3*j, 0 = -7*j + x*j + 16. Let m = 56 + u. Is m composite?
False
Let p be (-42)/(-12) - 1/(-2). Suppose -242 = p*j - 6*j. Is j prime?
False
Let f = -2 + 4. Suppose 2*u - 313 = u + 2*j, 4*u - 1234 = f*j. Is u prime?
True
Suppose 26 = 2*o - 16. Let f = o + -15. Is ((-69)/f)/((-3)/6) a prime number?
True
Suppose 5*m + 2*b = 413, 2*m - b = -0*b + 167. Is m a composite number?
False
Let n(m) = -215*m - 1. Is n(-10) prime?
False
Let l(r) = -r**3 + r**2 - r + 1. Let n be l(1). Suppose 0*p = p + 1, 5*x + 3*p - 102 = n. Let a = x + -11. Is a prime?
False
Let b be (-22)/3 - 1/(-3). Let v be b/(-2) - (-3)/(-6). Suppose -c + 18 = 3*s - 6*s, -5*s = v*c - 124. Is c composite?
True
Let p = -263 + 430. Is p a composite number?
False
Let y(x) = -65*x - 27. Is y(-10) prime?
False
Let u(h) = 5*h**2 - 3*h - 2. Let j be u(-5). Suppose 3*x + 5*f = 95, 2*x + f = -2*x + j. Is x a composite number?
True
Is 0/(-5) + (-1327)/(-1) a composite number?
False
Let s be -3 + 3/3 + 602. Suppose -4*d + s = 4*c, 4*c + 0*d = d + 595. Is c composite?
False
Let d(v) = -v**2 - 14*v + 20. Let x be d(-15). Let h(g) = g**3 + 6*g**2 - 5*g + 9. Is h(x) composite?
True
Let z be 4/(-6)*36/(-8). Let n = z + 0. Is (n/9)/(1/213) a prime number?
True
Suppose -3*w = -2*w - 69. Is w prime?
False
Is 6/2*(130 + -3) prime?
False
Let c be 1/2 + (-5)/(-2). Suppose 0 = 5*r + 2*i + 206, -4*r = r - c*i + 191. Is r/(-3) + (-1)/3 composite?
False
Let n = -12 + 14. Is 552/16 - n/4 a prime number?
False
Let a(i) = 16*i**3 + 5*i**2 + 4. Is a(3) a composite number?
True
Let z = 6 - 3. Suppose -z*n = -t - 6*n - 32, 3*t = 5*n - 26. Let h = -6 - t. Is h prime?
True
Suppose -4*x + 3142 = 2*g, -2687 = -3*x - 2*g - 330. Is x a composite number?
True
Suppose 0*o - 2*o + 196 = 0. Suppose 2*m - 666 = -4*v, -3*m - 831 = -4*v - 180. Let d = v - o. Is d composite?
False
Let m be (4/(-8))/((-2)/4). Let f = m - 0. Is 1/f*(4 + 53) prime?
False
Suppose 2757 = -3*j + 6*j. Is j a prime number?
True
Let g = 6 - 4. Suppose g*y - 74 = p, 2*y + 3*y = -2*p + 167. Is y composite?
True
Let j = -7 + 28. Is j a prime number?
False
Suppose -2*q = -p - p + 1342, 3*q = 2*p - 1347. Let z = -219 + p. Is z a prime number?
False
Suppose 5*q - 1335 = -i, 0 = -2*q + 4*i + 221 + 313. Is q composite?
True
Let p be (-1 - 0)/((-3)/6). Let w(x) = 2 + 119*x**p - x - x - 1 + x. Is w(1) a composite number?
True
Let m = 268 + -183. Let h = 306 - m. Suppose -2*u = -u - h. Is u a composite number?
True
Suppose -13 + 73 = 4*l. Let y = l + -3. Suppose 5*a - 183 = y. Is a composite?
True
Suppose 5 = 5*p - 15. Suppose 3*r = 5*o - 117 - 47, 0 = 3*o + p*r - 81. Is o prime?
True
Suppose 0 = 3*b - 7 + 1. Let m(o) = -8*o + 2 + o + 2 + 2*o**b. Is m(7) a composite number?
False
Is (1201/(-2))/(2/4*-1) prime?
True
Let i(h) = -3221*h + 5. Is i(-1) a prime number?
False
Suppose 7*z + z = 5968. Is z composite?
True
Let w(r) = -r**3 + 13*r**2 + 4*r + 7. Is w(11) a prime number?
True
Let q(b) = -4*b**3 + 10*b**2 - 2*b + 4 - 4 + 1 + 3*b**3. Let f be -8*2/(-5 + 1). Is q(f) prime?
True
Let v = -2422 - -5415. Is v a composite number?
True
Let n(c) = 3 + 0 - 7 - 4*c + 5*c**2 + 0*c. Is n(-3) composite?
False
Is -2 + -1 + (-7 - -10083) composite?
True
Suppose 5*q + 5 - 50 = -4*r, -3*q = -15. Suppose -2*l - 4*g = -r - 5, -5*l - 5*g + 20 = 0. Suppose -l*u = -55 - 23. Is u prime?
False
Is (4/8)/1*322 a composite number?
True
Let b(q) = -q**3 + 15*q**2 - 13*q - 16. Let f be b(14). Is 13/(3/f + 2) composite?
True
Suppose -3*c + 4*c = -84. Suppose 5*x - u + 59 = x, 0 = -5*x - 3*u - 78. Let j = x - c. Is j a composite number?
True
Suppose i - 107 = 39. Suppose 55 = a - i. Is a a composite number?
True
Suppose 5*w - 7*w = -314. Is w a prime number?
True
Let u(s) = -6*s. Let q be u(1). Suppose -72 = 5*c + 3. Is 1 - c/q*-2 a prime number?
False
Let q(y) = 3*y. Let v be q(1). Suppose 8*z - v*z = 1065. Is z prime?
False
Let l = -7 - 3. Let m = l - -25. Is m a composite number?
True
Suppose 186 = 3*d - 111. Let u(q) = q**3 + 44. Let z be u(0). Suppose -d - z = -v. Is v prime?
False
Let w(m) = 2*m**3 - 12*m**2 + 6*m - 11. Is w(8) composite?
False
Let u be (-1120)/18 + 2/9. Let b(o) = -18*o - 7. Let t be b(6). Let p = u - t. Is p composite?
False
Let k be 2*-2 + 0 + 169. Let z = 244 + k. Is z a prime number?
True
Let j = 8 - 3. Suppose -j*s + 46 = -4*v, 2*s - 3*v + 0*v - 17 = 0. Suppose -3*a + 40 = s. Is a prime?
False
Is 1021/2 + 4/8 a prime number?
False
Suppose 5*z - n + 140 = -0*n, -4*n = 4*z + 88. Let i be 40/(-3)*z/(-6). Let y = 97 + i. Is y a composite number?
False
Let g(t) = t**3 - t**2 - 9*t + 4. Let m be g(6). Let x(j) = 16*j + 4. Let l be x(-6). Let p = l + m. Is p a prime number?
False
Let j(k) = -k**3 - 6*k**2 + 6*k + 6. Suppose -2 = -c - 3*n, -6*c + 21 = -c + 4*n. Let h = -2 - c. Is j(h) a prime number?
True
Let z = 4 - 4. Suppose -l + 5*v + 50 = z, l + 0*l + 2*v - 57 = 0. Is l composite?
True
Let a = 2270 + -1501. Is a prime?
True
Let s(p) = -10*p**3 - 2*p - 5. Is s(-2) composite?
False
Let x(s) = 1 + 9*s - 7 + 1. Let l be x(-4). Let a = l + 80. Is a composite?
True
Suppose -3*s + 3*q + 330 = 0, -104 = -2*s + s + 3*q. Is s prime?
True